te number?
False
Let q(d) = 237*d + 161*d + 382*d. Let v be q(-1). Is (v/(-9) + 3)*3 composite?
False
Let f(s) = 1845*s + 2. Is f(1) a composite number?
False
Suppose -20179 = -3*g + 5*d, 4*g + 5*d - 9044 = 17908. Is g composite?
False
Is (16 - 11 - 12) + 18176/1 composite?
False
Suppose 23884 + 274347 = 53*x. Is x prime?
False
Suppose -o - 5*w = o + 417, 5*o + w = -985. Let j = o + 693. Is j a composite number?
True
Let z = 5301 - 3363. Let i = z - 1303. Is i prime?
False
Suppose -2*u = 4*y + 3*u + 14, 0 = -5*u + 10. Let a be (-361)/y - 3/18. Suppose -a = -4*m + 32. Is m prime?
True
Let y(t) = 126*t**2 - 40*t + 95. Is y(13) a composite number?
True
Let d(o) = 4*o**3 + 7*o**2 - 13*o + 43. Is d(8) a prime number?
False
Let v = 60 + 72. Is (2/(-8))/(5/(-40)) + v prime?
False
Let x(w) = -w**3 + 5*w**2 + 8*w - 7. Let a be x(6). Suppose 2*v - a*v + 189 = 0. Suppose 2*y + v = 5*y. Is y a prime number?
False
Is ((-36541)/3)/((5/(-3))/5) composite?
False
Suppose 4*k + 776 = 4*d, 0 = 2*d - d + 2*k - 194. Let g = -1470 - -1475. Suppose -g*f + 589 = d. Is f a composite number?
False
Let s be (-2)/(-7) + (-52)/(-14). Suppose -s = -4*v, -33 - 71 = -a - v. Is a prime?
True
Suppose -27*z + 103639 = -7358. Is z a composite number?
False
Suppose -2*w = 9*n - 10*n - 70399, w - 3*n - 35192 = 0. Is w a prime number?
True
Suppose -2*o = 2*u - 6516, -3*o - 2*o + 5*u + 16300 = 0. Is o a prime number?
True
Let b = 541 - 248. Is b a composite number?
False
Suppose 4*p = -2*p - 252. Let z be 2/6 - (-266)/p. Let u = 31 - z. Is u a composite number?
False
Suppose 3*m - 10 - 1 = -c, -4*c = m - 22. Let q be m/6 + 4/6. Suppose -q = u + 2, -4*l + 2*u = -1010. Is l a prime number?
True
Suppose -7*y = -969 - 760. Let o = y + -44. Is o prime?
False
Suppose 2*c + 2 = -2. Let o be (-4)/8*(c - 0). Is ((-164)/(-16))/(o/20) composite?
True
Suppose 2*z - 110245 = -5*p, 5899 - 94077 = -4*p + 2*z. Is p composite?
True
Is (-1212)/(-4)*(-3 - 22/(-6)) prime?
False
Let f be 15/10*(-524)/3. Suppose -3*d + 451 + 716 = 0. Let b = f + d. Is b a composite number?
False
Let m be (0 + -37)/(-1 - -2). Let o = 44 + m. Is o a prime number?
True
Let g = -4 - -12. Suppose -g*v = -3*v - 5. Is 437 + 6 + v + 1 a prime number?
False
Suppose u + 4*y + 112 = y, -u - 102 = y. Let f = u + 216. Is f prime?
False
Suppose 10*u + 187 = 717. Let t = u - -390. Is t composite?
False
Is (-24)/8 - 178*-41 prime?
False
Let x(o) = -o**3 + 4*o**2 + o + 5. Let h be x(5). Let w = h - 73. Is (w/12)/((-2)/3) prime?
True
Let t(z) = -63*z - 32. Let u be t(-9). Suppose -p + 0*p = -u. Is p composite?
True
Is 2*2373 - (-12 - -17) a prime number?
False
Suppose -2*c = 2*j - 27629 - 3255, 2*j + c - 30881 = 0. Is j prime?
True
Let y = 25560 + -4879. Is y prime?
True
Let s(m) = 0*m**2 + 11 + 2*m + 3*m + 11*m**2. Is s(-4) a prime number?
True
Let d(w) = 4*w + 1. Let i be d(2). Suppose -4*j + 5*h - 75 = -i*j, -j = -2*h. Is (-9732)/(-20) + 4/j composite?
False
Suppose 0 = -0*d - 2*d + 4*q + 8, 4*q - 4 = -d. Let n(y) = 5*y**3 + 6*y**2 - 5*y + 1. Is n(d) a prime number?
True
Let w(j) = 258*j + 311. Is w(54) a composite number?
False
Let d = -46 - -26. Is (17816/d)/(-2) - 2/5 a composite number?
True
Let o(b) be the first derivative of 125*b**3/3 - 3*b**2/2 - 3*b - 2. Let v = 13 - 15. Is o(v) prime?
True
Suppose 226655 - 57693 = 4*i + 3*n, -i + 42249 = 5*n. Is i a prime number?
True
Is (10348 + -1)*210/90 a composite number?
True
Let u = -2679 - -6500. Is u a composite number?
False
Let d be (10 + 4)*1*-2. Let h = 31 - d. Is h composite?
False
Let s = 503 - 111. Suppose 5*v - 3 = -2*h + 18, 3*v = 4*h - 3. Suppose -h*u = -205 - s. Is u a composite number?
False
Suppose -4*j = -16 + 380. Let q = 158 + j. Is q prime?
True
Suppose 5*i - 1127 = -3*b, 0*i = 3*i - 3. Suppose 4*g - 3170 = -2*d, 0 = -2*d + 2*g + b + 2790. Is d a prime number?
True
Suppose -z - 2*z + 9 = 0. Suppose -z*q + 2 + 4 = 0, -597 = -o - 2*q. Is o a prime number?
True
Let v = 7068 - 2627. Is v composite?
False
Suppose -4*t + m = -2*m - 21, 4*t + 5*m - 29 = 0. Is t a prime number?
False
Let q(n) = -n**2 + 7. Let h be q(3). Is h*((-1)/4 - 2028/48) prime?
False
Let v be 4/(-8)*-14 + 3. Suppose 15*z - v*z = 2590. Let h = z + -181. Is h a composite number?
False
Suppose -4*p + 6281 = 3*t, 0 = -2*t + p + 2958 + 1244. Is t a prime number?
True
Suppose 0 = -2*r + 5*r - 15. Suppose -38 = -r*o + 67. Is 29/(-1 - (-24)/o) prime?
False
Let m = 5109 + -2390. Is m prime?
True
Let d(z) = 11*z**2 - 80*z + 45. Is d(38) prime?
True
Suppose 45 + 139 = -2*w. Let i be (-1)/1 - -4 - w. Suppose y = 200 + i. Is y composite?
True
Let f be (-7 - -1)*(-6)/(-6). Let r be (4 - 4)*(-3)/f. Suppose -4*w - 232 + 692 = r. Is w composite?
True
Let q = -3514 - -7331. Is q prime?
False
Suppose -4*c - 804 = -7*c. Suppose 0 = 5*o - 2*a + 5*a - c, 211 = 4*o - a. Suppose -z + o = -0*z. Is z prime?
True
Let n(p) = 2*p**2 - 13*p - 10. Let c(f) = -f**2 + 9*f + 7. Let i(l) = 7*c(l) + 5*n(l). Is i(-4) a composite number?
True
Suppose 17*f - 7*f - 290 = 0. Let k be 4/((1 + -3)/(-2)). Suppose -3*r + 93 = k*l, 2*r + f = 3*r + 2*l. Is r a prime number?
False
Let f be 15*-1642*(-3)/18. Suppose -o = -6*o + f. Is o composite?
False
Let t = -555 + 800. Let r = t + -127. Is r a prime number?
False
Suppose 115720 + 219184 = 8*o. Is o prime?
True
Suppose 0 = -a + 7 + 18. Suppose -1560 + a = -5*l. Is l prime?
True
Is (10154/(-4)*6)/(-3) a prime number?
True
Let y(r) = 6*r**2 - 65*r + 22. Is y(12) composite?
True
Let s = 98 - 92. Suppose 2*t = -3*m + 4222, 7*m = 3*t + s*m - 6333. Is t a composite number?
False
Let a be (-162)/(-12)*6/1. Let t = a - 24. Suppose -t = -3*m + x + 21, 3*m - 78 = 3*x. Is m prime?
False
Let x = 5647 + -3114. Is x a prime number?
False
Let s be (-4)/6 - (-17)/3. Suppose r - 947 = -4*r - 4*f, s*r = -2*f + 951. Is r composite?
False
Is (14/(-2))/(16/(-34064)) a prime number?
False
Let m = 6294 - 1225. Is m prime?
False
Suppose -2*r = 3*p - 1246, -2*r + 4*p + 1313 = 81. Suppose 3*m - r = -155. Is m prime?
False
Let g be (66/77)/((-1 + 2)/13405). Suppose -5*o + 5455 + g = 0. Is o prime?
True
Let h(s) = 42*s - 1 + 204*s - 4. Is h(2) prime?
True
Let a = 1 + 2. Let j(r) = 2*r**2 + 2*r + 2. Let c be j(a). Is c/(2/4*2) composite?
True
Suppose -544 = 4*r - 2660. Suppose 16*i = 17*i - r. Is i a composite number?
True
Suppose -86*x + 89*x - 22839 = 0. Is x prime?
False
Let x be -2*(2 - 1) - 308. Is x/(-4) - (-9)/(-18) composite?
True
Let h(m) = -3701*m**3 - 2*m**2 + 6*m + 3. Is h(-2) a prime number?
False
Let j(c) = 6*c - 12. Let i be j(5). Suppose 6 - i = -3*h. Suppose -5*n = -2*w + 907, h*w + 0*n = -3*n + 1801. Is w a composite number?
True
Let h be -3 - -10*(-2)/(-4). Suppose h*a - 14 = -0*a. Is a prime?
True
Let g(j) = -j**3 - 13*j**2 - 12*j - 1. Let l be g(-12). Let i(b) = 155*b + 1. Let f be i(l). Let s = f + 287. Is s a prime number?
False
Let d = 919 - -2484. Is d composite?
True
Let s = -45 + 46. Let o(t) = 1097*t**2 + t - 1. Is o(s) a prime number?
True
Suppose 0 = -5*x - 4541 - 11164. Is (x/7)/(-1) - 2/(-7) a composite number?
False
Suppose 5*u = -10, 5*d + 2*u = -3*u + 5. Let l(n) = -28*n**2 - n - 9. Let y(x) = 14*x**2 + 5. Let s(z) = -6*l(z) - 11*y(z). Is s(d) a composite number?
True
Suppose 10*s + 894 = 11*s + 4*y, -5*s - 5*y = -4485. Is s composite?
True
Suppose 0 = 45*f - 17*f - 533764. Is f a composite number?
True
Suppose 0 = -5*r, 0 = -3*p - 5*r - 36 + 12. Let k = -8 - p. Is -2 + k - (-12 - 151) a prime number?
False
Let a(k) = 54*k**2 - 13*k - 5. Let z be a(-5). Suppose 4*f = 2*v + z, -v + 701 = 2*f - 6*v. Is f composite?
False
Let v(n) = -77*n**2 - 6*n + 12. Let g be v(-6). Let m be 68/(-85) - g/5. Let x = m + -39. Is x prime?
False
Is (-48794)/(2 - 4) + -6 composite?
False
Let g = 6336 + 2185. Is g a composite number?
False
Is ((-4)/10)/((-56)/378140) a composite number?
True
Let z be ((-22)/(-33))/((2/9)/1). Suppose 5*p - 4*t = 5815, -z*p = -0*t - 2*t - 3489. Is p a prime number?
True
Suppose 0 = 4*m - 3*i + 2*i + 20, -2*m = -i + 10. Let p(u) = 7*u**2 - 6*u**2 - 2*u + 11 + 3*u**2. Is p(m) a prime number?
False
Suppose 4*g + 936 = -3672. Let w = g + 5713. Is w prime?
True
Let j(y) = -57*y + 2. Let z(l) = l + 2. Let q be (1/2)/((-2)/12). Let i be z(q). Is j(i) a prime number?
True
Let s(h) = -30